t x(h) be the third derivative of h**6/120 - 4*h**5/15 + 17*h**4/24 + 7*h**3/3 + 9*h**2. Let k(z) = z**2 - 1. Let g be k(4). What is the tens digit of x(g)?
4
Let m = 13977 - 6799. What is the tens digit of m?
7
Suppose 302 = -y - 247. Let w = y + 820. What is the tens digit of w?
7
Suppose -t + 5*w + 71 = -78, -4*w + 629 = 5*t. Suppose 4*y = 655 + t. Suppose -3*h - y = -5*h. What is the tens digit of h?
9
Suppose v = 5, -25*v + 23*v = -3*k + 125672. What is the thousands digit of k?
1
What is the thousands digit of (520 + -21)*(6 - 115/(-5))?
4
Let j be ((-252)/(-15))/(1/5). Let c = 90 - j. What is the hundreds digit of 21/63 + 766/c?
1
What is the units digit of -12*1808/(-96)*(15 + -1)?
4
Let d = -754 + 1258. Let i(x) = 68*x - 3. Let y be i(-5). Let k = d + y. What is the units digit of k?
1
Suppose -80*p + 1071163 = -89821 - 852776. What is the thousands digit of p?
5
Let g = 27 - 47. Let c = -3 - g. Let y = 99 + c. What is the hundreds digit of y?
1
Let y be (-548)/(-6) - 52/156. Suppose y - 437 = -c. What is the hundreds digit of c?
3
Let b(o) = -13*o**3 + 21*o**2 - 37*o + 70. What is the ten thousands digit of b(-12)?
2
Let y(h) = -h**3 - 14*h**2 + h + 9. Suppose 3*i + 41 = -q - 0, -4*q = -2*i - 32. Let n be y(i). Let f = n - -105. What is the hundreds digit of f?
1
What is the thousands digit of (269 - 9)/((-343)/(-57) + -6)?
4
What is the units digit of ((-9435)/(-25)*9 + -4)*5?
3
Let c = -1868 + 1856. Let n = 360 - 840. What is the units digit of (c/(-15))/((-6)/n)?
4
Let w(j) = 4*j**2 - 2. Let m be w(1). Suppose -m*n = 4*d - 1302, -2*n = -3*d + n + 963. What is the hundreds digit of d?
3
Suppose x = 21 - 16. Suppose 3*m = -4*w + 603 + 745, 0 = m + x*w - 453. What is the hundreds digit of m?
4
Let h(u) = 15*u - 2. Let k be h(14). Suppose -4*t + 416 = -x, 0 = -2*t + x - 3*x + k. Suppose 97 = 5*q + 2*s, 4*q - 3*s - 2*s = t. What is the units digit of q?
1
Let m be -2 + 48/21 + 57/21. What is the hundreds digit of (-77)/(m*(-5)/60)?
3
Let w be 0/(2 - 1 - -1). Suppose 0*m + 10*m - 3800 = w. Suppose 0 = -0*l + 5*l - m. What is the units digit of l?
6
Let q(o) = 1591*o**2 + 126*o + 686. What is the hundreds digit of q(-7)?
7
Suppose 0 = -0*i + 4*i - 4, 3*i - 78591 = -3*w. What is the ten thousands digit of w?
2
Let h(m) = -m**3 + 13*m - 1. Let d be h(-4). Suppose -d*g + 46 = -20. Let n(v) = 16*v - 14. What is the units digit of n(g)?
2
Let q = 157 - 150. What is the units digit of 841 - (q - (-9 + 18))?
3
Let i(s) = -2904*s + 1720. What is the units digit of i(-3)?
2
Let u(s) = 2*s**2 + 4. Let b be u(-2). Let q = b + -40. Let h = 35 - q. What is the units digit of h?
3
Suppose -9*j + 2 = -8*j. Suppose j*a + 9 = -2*w - a, -5*a - 37 = -4*w. Suppose 3*v - 45 = -2*d, -41 - 33 = -w*d + 2*v. What is the tens digit of d?
2
Let s(y) = 48*y**2 + y - 44. What is the tens digit of s(-6)?
7
Let r = 7786 + -7302. What is the units digit of r?
4
Let f = -113 - -45. Let u(b) = 2*b**3 - 150*b**2 + 6*b - 294. Let w be u(75). Let p = f + w. What is the tens digit of p?
8
What is the tens digit of 1100/1320 + (-5)/6 - (-11476 + -1)?
7
Suppose 52*z - 35588 = -3*b + 57*z, -3*b = -z - 35584. What is the thousands digit of b?
1
Suppose -1206*r - 61464 = -1218*r. What is the tens digit of r?
2
Let k be (-8)/(-48) + (-361)/6. Let d = -38 + 21. Let r = d - k. What is the units digit of r?
3
Let w = -541 - -1756. Suppose -123 + w = 13*o. What is the tens digit of o?
8
Let b be (-8 - 90/(-12))*12. Let g(o) = -45*o - 53. What is the tens digit of g(b)?
1
Let q = -1012 - -1010. Let b(g) = 2*g**3 - 2*g**2 - g - 1. Let j be b(2). What is the tens digit of q*1/(j/(-190))?
7
Let f = -33821 + 47855. What is the thousands digit of f?
4
Suppose -4*l - q + 6328 = -58085, -32210 = -2*l - 4*q. What is the units digit of l?
3
Let o = 440 - 880. Let d = 780 + o. What is the units digit of d?
0
Let b = -159 + 300. Let z = -95 - -98. Suppose 4*c + 3*d - 2*d - 197 = 0, 3*c = -z*d + b. What is the units digit of c?
0
Let i(j) = -j + 14. Let f be i(11). Suppose f*d + 0*d = b - 388, 0 = 3*b + 2*d - 1153. What is the hundreds digit of b?
3
Let k = 126 + -124. What is the units digit of (k - 48/30) + (-2266)/(-10)?
7
Let w be ((-7)/21)/(4/(-48)). Suppose 2*h + w*b = -2*h + 1008, 4*h - 968 = 4*b. Suppose -h = 6*g - 1687. What is the units digit of g?
0
Suppose -3*i + w = -290, 2*i = -w + 235 - 50. Let g = i + 449. What is the hundreds digit of g?
5
Let i = 597 - 639. Let a = 417 + i. What is the units digit of a?
5
Suppose 6*a + 42 = 0, 2*a = t + 193 - 10572. What is the tens digit of t?
6
Suppose -2*k = 4*j - 35516, 8*k = 6*k - j + 35495. What is the units digit of k?
4
Let z(g) = 14*g**3 - 4*g**2 - 68*g + 67. What is the units digit of z(11)?
9
Suppose -15939 - 3469 = -4*d - 2*y, 0 = -d + 3*y + 4845. What is the thousands digit of d?
4
Suppose -3*r - 70 = -106. Suppose -10 = 2*p - r. What is the units digit of p?
1
Let g(h) = -13*h + 50. Let o be g(-2). Suppose 75*z = o*z - 954. What is the hundreds digit of z?
9
Suppose 96*u - 2961484 + 651148 = 0. What is the ten thousands digit of u?
2
Suppose -148*z + 144*z - 138584 = -4*v, -5*z + 10 = 0. What is the tens digit of v?
4
Let y = 14587 + -9518. What is the hundreds digit of y?
0
Let x(w) = -784*w + 17. Let y be x(-2). Suppose 0 = 27*h - 17666 - y. What is the units digit of h?
3
Let d(u) = 47*u**3 + 38*u**2 - 276*u + 29. What is the ten thousands digit of d(9)?
3
Let u = -717 - -1437. Let h = 1008 - u. What is the tens digit of h?
8
Let l = 1039 + 2812. What is the hundreds digit of l?
8
Suppose -36615 = -2*j + 5*y, 18276 = 4*j - y - 54945. What is the hundreds digit of j?
3
Suppose -22*f = 7*f - 48*f + 414827. What is the units digit of f?
3
Let f(z) = 8*z**2 - 13*z + 255. What is the units digit of f(10)?
5
Suppose 4*j - j + 4*k - 14960 = 0, 14930 = 3*j - 2*k. What is the thousands digit of j?
4
Suppose 11*q - 9*q = 114. Suppose -3*g - q = -2*y, -2*y - 78 = 3*g + 3*y. What is the units digit of -3*(-2)/(-21)*g?
6
Let g(d) = 2*d**2 - 14*d - 179. What is the units digit of g(-42)?
7
Suppose 2*h = -n + 6878, 6888 = n + 28*h - 31*h. What is the tens digit of n?
8
Let s = 1043 - 496. Let n = s + -357. What is the units digit of n?
0
Let k = 45394 - 22882. What is the ten thousands digit of k?
2
Let p(l) = -l - 1. Let j(a) = -20*a + 10. Let v(h) = j(h) - 5*p(h). Suppose 0 = 5*f + 4*z + 66 - 41, 4*f = -3*z - 21. What is the units digit of v(f)?
0
Suppose 138*y = 130*y + 43496. What is the hundreds digit of y?
4
Let b(v) = 4*v**3 - 2*v**2 + 1. Let s = 47 + -46. Let l be b(s). Suppose -l*j = 3*o - 6, 0 = j - 4*o - 23 + 6. What is the units digit of j?
5
Suppose -99*p - 52062 = -206*p + 101*p. What is the hundreds digit of p?
6
Let r(f) = -f**2 + 2*f + 3781. Let x be r(0). Suppose -29369 = -34*i + x. What is the tens digit of i?
7
Let a = 1080 - 512. Let g = a - 139. What is the units digit of g?
9
Let z(t) = 82*t**2 + 2*t + 2. Suppose f + 2*f = -3. Let p be z(f). Let c = p + -11. What is the units digit of c?
1
Let x(t) be the third derivative of 0 - 11*t**2 + 0*t - 1/120*t**6 + 1/10*t**5 + 0*t**4 + 5/2*t**3. What is the tens digit of x(5)?
4
Let h(q) = 49*q + q**2 - 5*q - 26*q. Let z be h(-18). Suppose z = 8*w - 4*w - 256. What is the tens digit of w?
6
What is the tens digit of (-8)/(-12) - (69224/(-24) + -9)?
9
Suppose -28*z + 209440 + 110015 - 102987 = 0. What is the thousands digit of z?
7
Let o(k) = 6594*k - 1287. What is the tens digit of o(11)?
4
Let i = 459 + -1493. Let w = i - -1056. What is the tens digit of w?
2
Suppose -i + 41295 = -2*v, 12*i - 4*v = 19*i - 289191. What is the tens digit of i?
0
Let x = 2719 + 3923. Suppose x = 25*v - 16*v. What is the units digit of v?
8
Suppose -3*z - 5*f = -506, -38*f + 43*f = 20. Suppose -2*v + 4*w - 116 = 0, 211 = -4*v - 3*w + 12. Let i = z - v. What is the hundreds digit of i?
2
Suppose 4*l - 72960 - 40540 = -3*d, 151331 = 4*d + 5*l. What is the thousands digit of d?
7
Let g(t) = 102*t**2 - 24*t + 107. Let q be g(5). Suppose 3*k - 2*o - q = 119, o = 5*k - 4422. What is the tens digit of k?
8
Let v = 237 - 233. What is the tens digit of (((-3105)/6)/(-5))/(2/v)?
0
Suppose -4*b - 49104 = -5*o - 1020, 0 = 3*o + 3*b - 28872. Suppose -6*l = -32*l + o. What is the units digit of l?
0
What is 